umber?
False
Is (31 - 1540476/(-54)) + ((-4)/(-6))/1 prime?
True
Let x = -17 - -23. Suppose 37 = 3*l + 2*h, -l + x*h = 2*h - 17. Let g(j) = 3*j**2 + 13*j - 27. Is g(l) a composite number?
True
Let n(s) = 263529*s + 3029. Is n(2) a prime number?
True
Let q(a) = 1459*a + 29. Let f be q(3). Let v = 4721 + f. Is v composite?
False
Suppose -3*d + u = 4*u + 3, 4*u = -20. Suppose -4*q + 3*b + 2*b + 12828 = 0, -d*q = -4*b - 12824. Is q a prime number?
False
Let m(w) = -29*w**2 - 21*w - 7. Let c be m(5). Let t = 4528 + c. Is t a prime number?
True
Let j(a) = 5*a + 9. Let v(h) = 3*h + 5. Let w(u) = -4*j(u) + 7*v(u). Let b be w(4). Is (1 + -2)/(b/(-237)) a composite number?
False
Let h(i) = -14*i**3 + 3*i**2 + 6*i + 2. Let y be h(5). Let k be y*(2 + 1)/(-3). Suppose -2*p = o - k, 3*o + 5*p = 2*o + 1646. Is o a composite number?
True
Let j = 73988 - -8043. Is j a composite number?
False
Let z = -528 + 604. Suppose 75*q + 10289 = z*q. Is q a prime number?
True
Let z(r) = -5 + 6 - 52*r - 2. Let t be z(12). Let a = t - -1287. Is a a composite number?
True
Let k(g) = 4*g + 23. Let i be 1 + -1 - (-1 - (-7 + 1)). Let q be k(i). Is q/9*-1 + (-8922)/(-9) prime?
True
Let w(p) = -72*p**3 - 2*p**2 + 7*p + 7. Let k be 88/(-8) - -6 - -1. Is w(k) a prime number?
False
Let x(w) = 663*w**2 + 51*w - 61. Is x(-16) composite?
False
Let z be (-571)/(-2*(-1)/(-2)). Suppose -3*h + 5*b = 54 - 1759, 0 = -h - b + z. Let j = h - -887. Is j a composite number?
True
Let r = -50378 - -109915. Is r prime?
False
Suppose -52 = -4*h - 5*x + 145, 3*x - 144 = -3*h. Suppose -h = 9*y - 601. Is (-37 - 4)/((-2)/y) a prime number?
False
Suppose 5*j - 72 = -19*j. Suppose 871 = j*u - 2*t, 5*t - 6*t = u - 297. Is u a composite number?
False
Let u(k) = -k**2 - k + 35. Let v be u(6). Let s(j) = j**2 + 10*j - 3. Let w be s(v). Let q = w + 67. Is q prime?
True
Suppose 5*b + 10 = 0, 4*n - 3*b = 6728 + 4186. Let a = n - 1921. Suppose -f + 3*s = -277, -3*f + 7*s + a = 3*s. Is f composite?
True
Let p(f) = -f**3 + 12*f**2 + 13*f + 6. Let a be p(13). Suppose a*k + 3*y + 499 = 2*k, 2*y = -10. Let n = k + 216. Is n composite?
True
Suppose 7*n - 27*n + 19440 = 0. Let p(r) = -34*r**2 + 2*r - 3. Let u be p(3). Let x = n + u. Is x prime?
False
Let f(q) = 3*q - 33. Let r(a) = 3*a - 32. Let z(t) = 3*f(t) - 2*r(t). Let l(i) = i**3 - 3*i**2 + 25*i + 23. Let y be l(0). Is z(y) composite?
True
Suppose -20*h + 7 + 73 = 0. Suppose -3*s + h*w + 4987 = 0, -1653 = -s - 11*w + 10*w. Is s prime?
True
Let w = -33 + 182. Let c be (-788)/12 - 2/6. Let p = w + c. Is p a composite number?
False
Suppose -8*w + 4*w = -960. Let i = w + 1877. Is i composite?
True
Let d(p) = -38*p + 22. Let o(r) = -2*r**2 + 25*r + 6. Let z(h) = 3*h**2 - 49*h - 11. Let i(b) = -7*o(b) - 4*z(b). Let g be i(-10). Is d(g) prime?
False
Let b be ((-28760)/(-16))/((-3)/6). Suppose 13*k + 29165 = -3049. Let q = k - b. Is q a prime number?
True
Suppose -3*y = -17 + 11. Suppose 14148 = z + 5*o, -y*o - 44951 = -3*z - 2541. Is z prime?
False
Suppose 8 = -0*s + 2*s - 2*q, -5*q = -4*s + 21. Let t be (-4)/2 - (12 + s). Is (-753)/(-6)*(-11 - t) prime?
True
Suppose -6*x + 5*k + 135223 = -728628, -5*x = 4*k - 719835. Is x a composite number?
False
Let x = -20 - -27. Suppose 3*u - 67910 = -x*u. Is u a prime number?
True
Is 149776 - 25 - (7 - 5) composite?
False
Let k be 2 + 9/3 - 0. Suppose -5*r - 4*v = -4535, -k*r - 2*v + 4535 = 3*v. Is r prime?
True
Suppose -3*u + 3*i = -739029, 5*i - 603748 = -5*u + 627967. Is u composite?
False
Suppose w + 2360 = 15. Let o = -1578 - w. Is o a composite number?
True
Let w be 4/14 + 2080/(-28). Let n = w + 72. Is 332 - n/(-2*1/3) composite?
True
Let a = -17135 - -101256. Is a prime?
True
Suppose 5*c = -5*t + 67766 + 34649, 2*t = -5*c + 40984. Is t composite?
False
Suppose -92680 = -5*j - 5*v, -15*v + 12*v + 18530 = j. Is j a composite number?
False
Let a be (60/21)/(-5) + 900/7. Let z = a + -127. Is (0 + 73)*(12 + z) a composite number?
True
Let p be 7/(2*(-4)/(-8)). Suppose l + p*l = -48. Is 2 - (-13297)/11 - l/33 a prime number?
False
Let u(q) = 4370*q**2 + 136*q - 1499. Is u(10) prime?
False
Let c = 152081 + -79468. Is c a prime number?
True
Let q = -43065 + 80846. Is q composite?
False
Let j = 14884 - -1299. Is j prime?
True
Let j = -2 - -8. Suppose j*x - 1634 = -116. Suppose -l = -2176 - x. Is l a composite number?
True
Let c be -87*-183*(-20)/(-36). Suppose 17829 = -3*r - 3*i, r + 7759 - 1831 = -4*i. Let a = r + c. Is a a composite number?
False
Let w(p) = 16552*p + 895. Is w(22) composite?
False
Let k(b) = -b**2 - 9*b + 138. Let d be k(8). Suppose -d*x - 28*c + 3314 = -24*c, 4971 = 3*x + 3*c. Is x prime?
True
Suppose 42226427 = 125*w - 21893948. Is w composite?
True
Let z(x) = -2253*x**3 + 3*x**2 - 31*x - 23. Is z(-4) prime?
True
Suppose 0 = 6*z - 4*z - 6. Suppose z*p - 5*p = -8. Suppose g + 4*g = p*w + 2837, -3*w - 1704 = -3*g. Is g prime?
False
Let j(p) = p**3 - 8*p**2 - 40*p - 9. Suppose -2*x = 2*d - 0*d - 30, -5*x + d + 105 = 0. Is j(x) prime?
False
Suppose 78*z - 75*z = 4*h - 135250, 4*h - 4*z - 135244 = 0. Is h prime?
False
Let w = 334801 - 170174. Is w a composite number?
False
Is (-12)/3 - ((-48)/(-32))/((-3)/4902) a prime number?
True
Suppose -5*j = -2*a + a + 40580, 0 = -4*a + 5*j + 162245. Is a a prime number?
False
Let i(g) = 2*g**3 + 77*g**2 - 361*g + 33. Is i(-37) a composite number?
False
Let w(g) = g**3 - 4*g**2 - 2*g. Let r be w(4). Let a be (-555)/21 + (-56)/98. Let x = r - a. Is x composite?
False
Let p(g) = 1073*g + 1752. Is p(11) composite?
True
Suppose -289 = -3*p - 265, 4*u - 4626332 = -3*p. Is u a composite number?
True
Suppose 18*r - 16*r - 8 = 0. Suppose -r*b + x = 4923, -2*b + 6*x = 8*x + 2454. Let z = b + 4801. Is z a prime number?
True
Suppose -10*q + 0*q = -40. Suppose 130 = q*r + r. Is (-13)/(r/(-76))*(-22)/(-4) a composite number?
True
Let k(d) = 4233*d**2 + 114*d - 475. Is k(4) a prime number?
True
Let r = -34135 - -59198. Is r a prime number?
False
Let f be 880*-3*14/(-105). Is f/(-48)*678/(-4) a composite number?
True
Suppose v - 20 = -18, 4*h = v + 14. Suppose h*q - 2*c = 3539 + 1063, 0 = -5*q - 2*c + 5757. Is q a prime number?
True
Suppose 5*g - 73 = 12. Suppose 2511 = c + 4*x, -g*c - 12521 = -22*c - 3*x. Is c a prime number?
True
Let c(m) = 6*m**2 - 52*m + 314. Is c(34) prime?
False
Suppose -725*d = -698*d - 1474227. Is d a prime number?
True
Let w = 642956 - 401247. Is w composite?
True
Suppose 3*r + 74 = 65. Is (-3)/r*(9 - -4696) prime?
False
Suppose -433*p + 22037631 + 28046569 = -17577679. Is p prime?
False
Suppose 3*k = 20272 - 4021. Let l = k - 1316. Is l composite?
True
Let r = 788155 - 558024. Is r a composite number?
True
Let d be 14/84 + 41/6. Let y = -8 + d. Is 1847/((-4 - (y - 2)) + 2) a prime number?
True
Let v(k) be the first derivative of k**4/4 + 17*k**3/3 + 15*k**2/2 - 22*k + 129. Let w be -1*(16 - (2 + -1)). Is v(w) a prime number?
False
Let i(f) = 279684*f**2 + 31*f + 30. Is i(-1) a composite number?
True
Let g be (68/8)/(2/2076). Suppose -3*x = -3*r - 13094 - 13300, -g = -x - 4*r. Is x composite?
False
Let b = 228 + -225. Suppose 4*s + 863 = 3*z, -z + 2*s = -5*z + 1136. Suppose -5*h - z = -b*v + 2*v, 3*v - 775 = -5*h. Is v a composite number?
True
Let m(n) = 4623*n**3 + n**2 - 25*n + 58. Is m(3) prime?
False
Suppose 5*b - 10 = 15. Suppose b*g + i = 781, g - 2*i + 306 = 3*g. Is g prime?
True
Let n be 41/(5 + -8 + 4). Suppose -36*y + 3365 = -n*y. Let t = -162 - y. Is t prime?
False
Let y(s) = -10*s**2 + 18*s - 46. Let v(g) = -11*g**2 + 17*g - 47. Let z(d) = 3*v(d) - 4*y(d). Is z(8) a composite number?
True
Let o be (1 - 0)*-5*9. Let w = o + 42. Is (-94)/w*12 - -5 prime?
False
Suppose -2*k - k - 2*z + 13 = 0, 3*z + 3 = 3*k. Let h = 22 + -17. Suppose 4*y + h*u = 849, y - 840 = -k*y + 4*u. Is y composite?
False
Let d = 178414 - 47211. Is d composite?
False
Is 6310018/117*(-171)/(-38) a composite number?
True
Suppose -4*j = 4*f - 32, f - 13 = -2*j - 0*f. Let v = 33 + -36. Is v/(j/895*-3) a composite number?
False
Let q(s) = 629*s**2 + 18*s - 60. Let z(y) = 1259*y**2 + 34*y - 121. Let d(t) = -7*q(t) + 4*z(t). Is d(5) a composite number?
True
Is (-1)/(((-87)/(-261))/((-227338)/6)) composite?
True
Let f(o) = 98*o**2 - 4*o - 2. Let c be f(1). Is 4/(-6) + -1112*c/(-24) a composi